774?
2
What is the thousands digit of 2455193817?
3
What is the units digit of 230840273?
3
What is the ten millions digit of 4675503294?
7
What is the hundreds digit of 593328396?
3
What is the hundred thousands digit of 3422278854?
2
What is the ten millions digit of 83883533?
8
What is the ten thousands digit of 1932389562?
8
What is the tens digit of 28676452?
5
What is the ten thousands digit of 23145895?
4
What is the units digit of 106725557?
7
What is the ten millions digit of 22890156?
2
What is the hundred millions digit of 138018997?
1
What is the ten millions digit of 5037919108?
3
What is the units digit of 661142045?
5
What is the hundred thousands digit of 20702768?
7
What is the ten thousands digit of 50383487?
8
What is the ten thousands digit of 469698800?
9
What is the units digit of 813083116?
6
What is the ten millions digit of 150062316?
5
What is the billions digit of 1515601882?
1
What is the ten thousands digit of 813349847?
4
What is the millions digit of 113751245?
3
What is the units digit of 374271605?
5
What is the hundred thousands digit of 105258601?
2
What is the tens digit of 4598258?
5
What is the millions digit of 170170032?
0
What is the tens digit of 135655690?
9
What is the ten millions digit of 64396211?
6
What is the hundred thousands digit of 157316448?
3
What is the hundred millions digit of 4926851462?
9
What is the ten millions digit of 94402171?
9
What is the hundred millions digit of 108909329?
1
What is the ten millions digit of 46867910?
4
What is the units digit of 198816633?
3
What is the thousands digit of 68715085?
5
What is the hundred thousands digit of 179136194?
1
What is the units digit of 431306114?
4
What is the ten thousands digit of 289100014?
0
What is the thousands digit of 615801425?
1
What is the tens digit of 655027680?
8
What is the hundreds digit of 297820518?
5
What is the ten millions digit of 93149482?
9
What is the ten thousands digit of 35653493?
5
What is the thousands digit of 1864242455?
2
What is the hundreds digit of 1697694085?
0
What is the hundred thousands digit of 1326503445?
5
What is the hundred thousands digit of 380179976?
1
What is the ten millions digit of 42179294?
4
What is the units digit of 2308698331?
1
What is the millions digit of 709347094?
9
What is the hundreds digit of 30029209?
2
What is the millions digit of 312056657?
2
What is the hundreds digit of 49490575?
5
What is the hundreds digit of 3543241994?
9
What is the billions digit of 1241210428?
1
What is the millions digit of 1523297909?
3
What is the millions digit of 19837799?
9
What is the hundred thousands digit of 81692276?
6
What is the thousands digit of 382140040?
0
What is the ten millions digit of 220293292?
2
What is the hundred millions digit of 214536933?
2
What is the hundred thousands digit of 79554798?
5
What is the thousands digit of 419236380?
6
What is the tens digit of 261745038?
3
What is the tens digit of 2743572841?
4
What is the tens digit of 2496335512?
1
What is the ten thousands digit of 29709935?
0
What is the units digit of 29295763?
3
What is the thousands digit of 7320391?
0
What is the thousands digit of 708636114?
6
What is the hundred millions digit of 372920412?
3
What is the ten thousands digit of 23017274?
1
What is the ten millions digit of 13275184?
1
What is the ten millions digit of 1555886847?
5
What is the millions digit of 40185088?
0
What is the millions digit of 661082981?
1
What is the hundred thousands digit of 1219916051?
9
What is the hundreds digit of 709891748?
7
What is the millions digit of 996878622?
6
What is the millions digit of 49282847?
9
What is the hundreds digit of 1944923275?
2
What is the millions digit of 26799158?
6
What is the tens digit of 845311735?
3
What is the units digit of 1630691114?
4
What is the units digit of 167966822?
2
What is the hundred millions digit of 1245002663?
2
What is the ten thousands digit of 1617733790?
3
What is the tens digit of 560614073?
7
What is the ten thousands digit of 542457338?
5
What is the hundred thousands digit of 456953317?
9
What is the hundred thousands digit of 32134834?
1
What is the thousands digit of 196501098?
1
What is the thousands digit of 10533169?
3
What is the tens digit of 28044123?
2
What is the hundreds digit of 1097866595?
5
What is the thousands digit of 923957137?
7
What is the hundreds digit of 600222124?
1
What is the billions digit of 1626521979?
1
What is the hundred thousands digit of 32336526?
3
What is the ten millions digit of 907963033?
0
What is the hundred thousands digit of 306308791?
3
What is the ten thousands digit of 162054842?
5
What is the ten thousands digit of 21010315?
1
What is the millions digit of 4079163937?
9
What is the millions digit of 228590696?
8
What is the ten millions digit of 529182404?
2
What is the ten thousands digit of 2169027502?
2
What is the hundred millions digit of 2234117982?
2
What is the ten millions digit of 141800439?
4
What is the hundred thousands digit of 205075541?
0
What is the millions digit of 708246990?
8
What is the ten millions digit of 3829837803?
2
What is the units digit of 82373671?
1
What is the thousands digit of 780505016?
5
What is the thousands digit of 56399711?
9
What is the ten millions digit of 103202268?
0
What is the units digit of 40474032?
2
What is the hundred thousands digit of 5647415?
6
What is the millions digit of 1827146480?
7
What is the millions digit of 25945485?
5
What is the units digit of 696083968?
8
What is the ten millions digit of 83866093?
8
What is the units digit of 51895930?
0
What is the tens digit of 572898826?
2
What is the ten millions digit of 758789551?
5
What is the millions digit of 145887806?
5
What is the thousands digit of 6626720164?
0
What is the units digit of 88146729?
9
What is the ten millions digit of 773984186?
7
What is the billions digit of 1167270863?
1
What is the thousands digit of 506403551?
3
What is the hundreds digit of 220162348?
3
What is the tens digit of 67628114?
1
What is the millions digit of 141226458?
1
What is the hundred thousands digit of 182715291?
7
What is the thousands digit of 35651606?
1
What is the units digit of 116995070?
0
What is the units digit of 753253521?
1
What is the thousands digit of 11600124?
0
What is the hundreds digit of 183052732?
7
What is the ten thousands digit of 3866663144?
6
What is the tens digit of 381948501?
0
What is the hundreds digit of 4126791781?
7
What is the hundred millions digit of 496558449?
4
What is the tens digit of 3287579814?
1
What is the ten thousands digit of 920020?
2
What is the hundreds digit of 77748263?
2
What is the ten thousands digit of 78218609?
1
What is the thousands digit of 5344526392?
6
What is the ten millions digit of 481826784?
8
What is the tens digit of 1876259379?
7
What is the tens digit of 146578272?
7
What is the tens digit of 57454225?
2
What is the hundreds digit of 30402158?
1
What is the ten millions digit of 45674200?
4
What is the hundred thousands digit of 38049635?
0
What is the ten millions digit of 1253520732?
5
What is the tens digit of 97798253?
5
What is the hundred millions digit of 1438501103?
4
What is the units digit of 585829443?
3
What is the billions digit of 1250587824?
1
What is the tens digit of 18059407?
0
What is the hundreds digit of 5770174?
1
What is the hundred thousands digit of 55133825?
1
What is the thousands digit of 70832271?
2
What is the thousands digit of 99668904?
8
What is the hundred millions digit of 531617956?
5
What is the ten millions digit of 2873696653?
7
What is the hundred thousands digit of 51532413?
5
What is the units digit of 1503420436?
6
What is the tens digit of 19272768?
6
What is the hundreds digit of 282309502?
5
What is the ten millions digit of 774808167?
7
What is the units digit of 24120724?
4
What is the ten millions digit of 1240691662?
4
What is the tens digit of 365645275?
7
What is the hundred thousands digit of 43824674?
8
What is the tens digit of 168000215?
1
What is the hundred thousands digit of 937922544?
9
What is the millions digit of 76616704?
6
What is the hundred millions digit of 123680057?
1
What is the units digit of 156638638?
8
What is the millions digit of 210676615?
